 - 28. Suppose 4*i + 8 = 0, 0*i + 5*i = -3*j + w. Calculate the greatest common factor of 48 and j.
8
Let t(a) = 2*a**2 + 3*a. Let d be t(-7). What is the highest common divisor of 7 and d?
7
Suppose 1492 = 4*f - x - 120, 3*x + 403 = f. Suppose 2*t + 10 + 0 = 0, t = -3*m + f. Calculate the highest common factor of m and 17.
17
Let q be 7/2*(-5 + 9). What is the highest common divisor of q and 56?
14
Let l(q) = 11*q**2 + 2*q + 1. Let w = 7 - 8. Let g be l(w). Calculate the greatest common divisor of 50 and g.
10
Suppose -383 = -2*r - 3*a, -926 = -5*r - 3*a + 6*a. What is the greatest common factor of 17 and r?
17
Suppose 0 = -5*j, 3*j = 2*x - j - 1140. Let n(m) = -m**2 + 15*m + 4. Let l be n(15). Let o be x/11 + l/22. What is the highest common divisor of 13 and o?
13
Suppose -23*j + 825 = -18*j. Calculate the highest common factor of j and 11.
11
Suppose 0 = -6*u - 5*u + 550. What is the greatest common factor of 125 and u?
25
Let y(b) = b**2 - b + 13. Let h be y(7). Calculate the greatest common divisor of 11 and h.
11
Let y be 225/9 - (-3 - 0). Let l(p) = 2*p - 8. Let v be l(6). Calculate the greatest common factor of v and y.
4
Let u(s) = 2*s**2 + 1. Let v be u(1). Let p(g) = 11*g - 3. Let b be p(v). Suppose 0 = i - 0*i - b. Calculate the greatest common factor of 6 and i.
6
Suppose 0 = 3*c - 0*c - n - 22, c + 5*n + 14 = 0. What is the highest common factor of c and 9?
3
Let v = 13 + -13. Let q be 23/5 + 4/10. Suppose -5*w = 3*j - v*j - 33, q*j - 5*w - 55 = 0. What is the highest common divisor of j and 22?
11
Let d(c) = -2*c - 8. Let q be d(-6). Let l be (-1)/(65/(-16) + q). What is the greatest common divisor of 4 and l?
4
Let g(i) = 47*i**2 + 2*i. Let k be g(1). Calculate the highest common factor of 7 and k.
7
Let h = -4 + 6. Let f = -28 + 29. What is the greatest common factor of h and f?
1
Suppose 1 + 23 = 2*b + d, -3*d + 52 = 4*b. What is the greatest common factor of b and 2?
2
Let a be ((-143)/1)/(1/4*-2). Calculate the greatest common divisor of 26 and a.
26
Let x = 30 + -14. What is the highest common divisor of x and 128?
16
Let j(a) = 3*a**2 - 23*a - 11. Let v be j(11). Calculate the greatest common divisor of 22 and v.
11
Suppose 14*r - 12 = 11*r. What is the highest common divisor of r and 20?
4
Let m be (-15)/10 + 14/4. Let f be -3 + (-178)/(-2) + m. Calculate the highest common factor of f and 11.
11
Let n = 3 - 0. What is the highest common factor of 24 and n?
3
Suppose -o = 5*i - 43, 0 = -2*o + 4*i + 10 + 6. Let k = 130 - o. Calculate the greatest common divisor of k and 14.
14
Let i(v) = -v - 1. Let g be i(-6). Suppose 4*p - 1 + 17 = 0, -p = g*o - 66. Calculate the highest common divisor of 112 and o.
14
Let o(t) = 81*t - 4. Let d be o(2). Let g be 30/(-8) + (-1)/4. Let c = g + d. Calculate the greatest common factor of c and 14.
14
Let a = 8 - 5. Let q = 2 + 3. Suppose q = a*p + 2*p. What is the highest common factor of p and 7?
1
Let d(j) = j**3 + 7*j**2 + 2*j - 3. Let a be d(-7). Let f be 2 + -3 + -1 - a. Let x be (36/f)/((-2)/(-10)). What is the highest common divisor of 96 and x?
12
Let a be (0 + 3)*40/(-12). Let b = -3 - a. Calculate the greatest common divisor of b and 49.
7
Suppose 2*d - i - 38 = -6, 5*d - 5*i - 75 = 0. Calculate the greatest common divisor of d and 187.
17
Let y = -12 - -122. Let v be (2/4)/(4/80). What is the greatest common divisor of y and v?
10
Let d(n) = -n**2 + 2*n + 28. Let s be d(0). What is the highest common factor of s and 4?
4
Suppose 7*i + 385 = 12*i. What is the highest common factor of 7 and i?
7
Suppose 2*v = v + 110. What is the greatest common factor of v and 11?
11
Suppose 5*r - 3*s = -2*s - 99, 4*r = 5*s - 96. Let u = r + 27. Calculate the highest common divisor of u and 1.
1
Suppose -3*v = -4*h, 0*v - 19 = -5*h - v. What is the greatest common factor of 3 and h?
3
Suppose 3*v = -0*v. Suppose -3 = 5*t + 12. Let z = v - t. What is the highest common factor of z and 2?
1
Suppose d + 0 = -4. Let j(i) = -4*i. Let t be j(d). Suppose -36 = -4*q + 28. What is the highest common factor of q and t?
16
Let j be (-1)/(1/(-16 + -1)). What is the greatest common factor of j and 136?
17
Suppose 5*n = 686 + 4. Suppose 4*b - 2*u + 0*u - 116 = 0, -u = 5*b - n. Let f = b + 2. Calculate the highest common divisor of 10 and f.
10
Let r be (-21)/(-5) + (-2)/10. Suppose -215 = -r*n + 445. Suppose 6*x = 3*x + 45. Calculate the highest common factor of n and x.
15
Suppose 0 = -4*b + 18 - 6. Suppose b*n = 4*n - 3. Let a be (-6)/((6 - n)/(-36)). What is the greatest common factor of 24 and a?
24
Let z be (20/30)/((-1)/(-15)). Calculate the highest common divisor of z and 160.
10
Let l be -1*2/4*-6. Suppose 0 = -p - 0*p + 16. Suppose -29 = -l*g + p. What is the highest common factor of g and 10?
5
Let w(d) = 4*d**3 - d. Let v be w(2). Calculate the highest common divisor of 180 and v.
30
Let r be -1 + (-5)/(-4) - 658/(-56). What is the greatest common divisor of 8 and r?
4
Let t(f) = -f + 18. Let m be t(-3). Calculate the highest common divisor of 210 and m.
21
Let a be 2/9 - 40/18. Let s be -1*(2 + a) - -11. Suppose -231 = -3*j - 3*q - 0*q, j = -3*q + 77. Calculate the greatest common divisor of s and j.
11
Let h(k) = -k**2 + 14*k + 9. Let z be h(14). Calculate the highest common divisor of 36 and z.
9
Let c(l) = 171*l - 1. Let q be c(1). What is the highest common factor of q and 10?
10
Let c be (18/4)/(0 + (-4)/(-56)). Calculate the highest common divisor of c and 42.
21
Let n be (-2)/(-6)*18/2. Suppose 54 = 6*t - n*t. Let y = -7 - -13. Calculate the greatest common divisor of t and y.
6
Suppose -25 = -r - 21. What is the greatest common divisor of r and 4?
4
Let v(h) = -h**2 - 10*h + 14. Let a be v(-11). Calculate the greatest common divisor of a and 27.
3
Let i be (-3)/12 - (-66)/8. Let z = -5 + i. Let g(u) = u**3 + 9*u**2 - 25*u - 9. Let m be g(-11). What is the greatest common factor of m and z?
3
Let n = 1 - -1. Suppose -1 = 4*r + v, n*r = 5*r + 3*v - 6. Let l be r*(-2 - -1)*13. Calculate the greatest common factor of 13 and l.
13
Let s be 1 + 11 - (7 + -5). Calculate the greatest common factor of 5 and s.
5
Suppose -i - 2*i + 15 = 0. Suppose i = 3*t - 2*t. Suppose t*x = x + 264. Calculate the greatest common factor of 6 and x.
6
Let f(p) = 13*p + 20. Let r be f(5). Suppose -3*m = 7*v - 2*v - 70, -3*v = 3*m - 36. What is the highest common divisor of r and v?
17
Suppose 2*f = -i - 2, i - 4*f - 12 + 2 = 0. Suppose 6 = -o + i*h, 2*h = -3*o - h + 18. Suppose -o*v = v - 27. Calculate the highest common divisor of 3 and v.
3
Let d(i) = -i**3 + 6*i**2 - 4*i. Let m be d(4). Suppose -k - 4 = -m. Calculate the greatest common factor of k and 30.
6
Let u(m) = -m**2 + 15*m - 13. Let w be u(12). What is the highest common divisor of 207 and w?
23
Suppose 0 = r - 1, -29 = -3*l - 2*r - 0*r. Suppose -4*t + l*t = 135. What is the highest common divisor of t and 9?
9
Let s = -53 + 79. Calculate the highest common factor of s and 130.
26
Let v = 92 - -18. Let p = 22 + -12. Calculate the highest common factor of p and v.
10
Suppose 3*j + 115 = 2*j. Let q = j + 73. Let b = -26 - q. Calculate the greatest common divisor of b and 80.
16
Let k be ((-36)/10)/(4/(-10)). Calculate the highest common divisor of k and 36.
9
Suppose -3*p + 22 = -5*q, 2*q = -4*p + 3*p. Let c be (-2)/(-3) - 12/18. Suppose c*u - 80 = -p*u. Calculate the highest common factor of 50 and u.
10
Suppose 4*i - 26 = 50. Suppose 3*z + 17 + 16 = 0. Let b = z + i. Calculate the greatest common divisor of 64 and b.
8
Let u = -65 + 86. Calculate the greatest common factor of 14 and u.
7
Let r = -13 - -21. Suppose -4*k + r*k = 132. Let t be (-6)/(-1)*1/2. Calculate the highest common divisor of t and k.
3
Suppose -o + u - 104 = -4*o, u - 34 = -o. Suppose 4*a + n - 3*n - 50 = 0, 5*a = -3*n + o. Calculate the greatest common divisor of a and 20.
10
Suppose -3*y = -y - 8. Suppose -2 = z - 14. Calculate the highest common divisor of z and y.
4
Let m(n) = -n**3 - 11*n**2 + 11*n - 9. Let w be m(-12). Calculate the greatest common divisor of 1 and w.
1
Let x = 105 + -94. Suppose b - o - 71 = -5*o, 3*o = b - 43. What is the greatest common divisor of b and x?
11
Let r = -5 - -9. Suppose 0 = -3*i + 3*a - 4*a + 98, -r*i = 3*a - 129. What is the highest common 